{"id":6,"date":"2020-01-31T18:51:45","date_gmt":"2020-01-31T17:51:45","guid":{"rendered":"https:\/\/www.wgn-neuching.de\/?page_id=6"},"modified":"2020-02-03T22:22:27","modified_gmt":"2020-02-03T21:22:27","slug":"ueber-uns","status":"publish","type":"page","link":"https:\/\/wgn-neuching.de\/index.php\/ueber-uns\/","title":{"rendered":"\u00dcber uns"},"content":{"rendered":"\n<h2 class=\"has-text-align-center wp-block-heading\">Warum die WGN &#8211; wof\u00fcr stehen wir?<\/h2>\n\n\n\n<p>Die W\u00e4hlergemeinschaft Gemeinsames Neuching (WGN) wurde am 17. November 2019 durch Markus Hermansdorfer und acht weitere Mitstreiter gegr\u00fcndet.<br>Ziel der Gruppierung ist vor allem,<strong> den Neuchinger B\u00fcrgern eine wirkliche Wahl zu erm\u00f6glichen<\/strong>.<br>Unsere Kandidaten f\u00fcr die Gemeinderatswahl sind zwischen Ende 20 und 57 Jahre alt und kommen aus den unterschiedlichsten Berufssparten. Viele von ihnen waren\/sind \u00fcber Jahre hinweg in der Gemeinde und Vereinen engagiert.<br><strong>Vor allem aber bieten wir den Neuchinger B\u00fcrgern eine wirkliche Alternative bei der Wahl des B\u00fcrgermeisters<\/strong> &#8211; nachdem die WGN mit Markus Hermansdorfer den einzigen Gegenkandidaten zu Thomas Bartl (CSU) stellen wird.<\/p>\n\n\n\n<p>&#8222;Mir geht es um Neuching. Nicht um Ober- und Niederneuching, sondern um ein gemeinsames Neuching. Das soll auch ganz klar der Name der Gruppierung aussagen\u201c, sagte B\u00fcrgermeisterkandidat Hermansdorfer im Rahmen der Gr\u00fcndung der WGN.<\/p>\n\n\n\n<p>Im Blick hat er dabei die Fortf\u00fchrung der Projekte, die die Kommune aktuell besch\u00e4ftigen, etwa der Bau der Sporthalle mit Vereinsheim oder die Aufstellung eines neuen Fl\u00e4chennutzungsplans.<\/p>\n\n\n\n<p>Alle Mitstreiter der WGN verfolgen dieselben Werte: <strong>Neuching f\u00fcr ALLE Neuchinger noch lebenswerter zu machen.<\/strong> Sei es beispielsweise durch den zukunftsorientierten Ausbau der bestehenden Infrastruktur durch Schaffung neuer Krippenpl\u00e4tze oder durch F\u00f6rderung der \u00f6rtlichen Gemeinschaft. Nat\u00fcrlich steht auch bezahlbarer Wohnraum f\u00fcr alle Neuchinger im Fokus.<br><strong>Wir stehen f\u00fcr ehrliche Gemeindepolitik f\u00fcr alle B\u00fcrger mit Engagement und zum Wohle aller. <\/strong><\/p>\n\n\n\n<p>Obwohl die WGN erst seit Mitte November offiziell besteht, konnte dennoch schon vieles in die Wege geleitet werden.<br>So konnte bereits im November unsere Satzung verabschiedet werden.<br>Am 15.12.2019 konnten wir zudem unsere erste <a href=\"https:\/\/www.merkur.de\/lokales\/erding\/neuching-ort377231\/kommunalwahl-2020-neuching-liste-wg-gemeinsames-neuching-13342087.html\">Aufstellungsversammlung <\/a>abhalten.<\/p>\n\n\n\n<p>Weiterhin haben wir in relativ kurzer Zeit die notwendigen <strong>60 Unterst\u00fctzungsunterschriften<\/strong> von Ihnen, den Neuchinger B\u00fcrgerinnen und B\u00fcrgern erhalten. <strong>Dadurch wurden wir zur Gemeinderatswahl zugelassen und k\u00f6nnen uns f\u00fcr Sie voller Herzblut engagieren.<\/strong><\/p>\n\n\n\n<p class=\"has-text-color has-large-font-size has-accent-color\"><strong>Wir danken nochmals allen, die daf\u00fcr ins Rathaus gekommen sind und f\u00fcr uns unterschrieben haben!!!<\/strong><\/p>\n\n\n\n<p>In der Zwischenzeit haben wir weiter an unserem Wahlprogramm gefeilt. Unsere Schwerpunkte liegen dabei auf folgenden Aspekten:<\/p>\n\n\n\n<p class=\"has-large-font-size\"><strong><span style=\"text-decoration: underline;\">Wesentliche Ziele der WGN:<\/span><\/strong><\/p>\n\n\n\n<ul class=\"wp-block-list\"><li><strong>Dorfgemeinschaft f\u00f6rdern<\/strong><\/li><li><strong>Gemeindeentwicklung an den Bed\u00fcrfnissen ALLER orientieren<\/strong><ul><li>Unabh\u00e4ngig vom Alter \u2013 von Familien\/Kindern bis Senioren.<br>Dabei bieten u.a. Konzepte f\u00fcr betreutes Wohnen sowie Gemeinschaftsanlagen f\u00fcr Familien und Senioren M\u00f6glichkeiten, um die Gemeindeentwicklung positiv zu beeinflussen.<\/li><li>Finanzierbare Baupl\u00e4tze erm\u00f6glichen<\/li><li>Wachstum der Gemeinde ja, aber mit Ma\u00df und Ziel.<br>Wachstum der Gemeinde hei\u00dft nicht nur Baupl\u00e4tze ausweisen, sondern auch alle weiteren hierf\u00fcr notwendigen Einrichtungen und Infrastrukturen schaffen\/erweitern <\/li><\/ul><\/li><li><strong>ALLE Neuchinger Vereine sowie ehrenamtliches Engagement unterst\u00fctzen<\/strong><br>Das Vereinsleben ist ein wesentlicher Bestandteil, um ALLE Neuchinger \u2013 egal ob jung oder alt, \u201eZugereist\u201c oder Einheimisch \u2013 am Gemeindeleben teilhaben zu lassen und das Leben in Neuching noch lebenswerter zu machen! <\/li><li><strong>M\u00f6glichkeiten zur Freizeitgestaltung zielgerichtet erweitern<\/strong><ul><li> Einrichtung eines zentral gelegenen und gut ausgestatteten Spielplatzes als Treffpunkt f\u00fcr Familien aus ganz Neuching.<br>Dieser soll den Kindern Sommer wie Winter (Schlittenfahren) ausreichende M\u00f6glichkeiten zum Spielen bieten. Gleichzeitig soll der Spielplatz auch einen &#8222;Elternbereich&#8220; haben, wo sich die Eltern etwas zur\u00fcckziehen und miteinander ins Gespr\u00e4ch kommen k\u00f6nnen.<\/li><li>Schaffen von weiteren Pl\u00e4tzen f\u00fcr Freiluft-Freizeitaktivit\u00e4ten.<br>Dies k\u00f6nnte zum Beispiel ein witterungsbest\u00e4ndiger Hartplatz sein, der mit verschiedenen Ger\u00e4ten wie Basketballk\u00f6rben, Toren etc. ausger\u00fcstet wird und somit f\u00fcr verschiedene Alters- und Interessensgruppen geeignet ist<\/li><\/ul><\/li><li><strong>Kinderbetreuung f\u00fcr alle Kinder ab \u201ekleinauf\u201c in der Gemeinde sicherstellen<\/strong><\/li><li><strong>Ortsans\u00e4ssige Betriebe f\u00f6rdern und neue Betriebe gewinnen <\/strong><\/li><li><strong>Umweltschutzaspekte innerhalb der Gemeinde f\u00f6rdern<\/strong><ul><li>F\u00f6rderung der Elektromobilit\u00e4t, beispielsweise durch Installation von Ladestationen an \u00f6ffentlichen Bereichen<\/li><li>Nutzung erneuerbarer Energien an \u00f6ffentlichen Geb\u00e4uden<\/li><\/ul><\/li><\/ul>\n\n\n\n<p><\/p>\n","protected":false},"excerpt":{"rendered":"<p>Warum die WGN &#8211; wof\u00fcr stehen wir? Die W\u00e4hlergemeinschaft Gemeinsames Neuching (WGN) wurde am 17. November 2019 durch Markus Hermansdorfer und acht weitere Mitstreiter gegr\u00fcndet.Ziel der Gruppierung ist vor allem, den Neuchinger B\u00fcrgern eine wirkliche Wahl zu erm\u00f6glichen.Unsere Kandidaten f\u00fcr die Gemeinderatswahl sind zwischen Ende 20 und 57 Jahre alt und kommen aus den unterschiedlichsten [&hellip;]<\/p>\n","protected":false},"author":2,"featured_media":38,"parent":0,"menu_order":0,"comment_status":"closed","ping_status":"closed","template":"templates\/template-full-width.php","meta":{"footnotes":""},"class_list":["post-6","page","type-page","status-publish","has-post-thumbnail","hentry"],"jetpack_sharing_enabled":true,"_links":{"self":[{"href":"https:\/\/wgn-neuching.de\/index.php\/wp-json\/wp\/v2\/pages\/6","targetHints":{"allow":["GET"]}}],"collection":[{"href":"https:\/\/wgn-neuching.de\/index.php\/wp-json\/wp\/v2\/pages"}],"about":[{"href":"https:\/\/wgn-neuching.de\/index.php\/wp-json\/wp\/v2\/types\/page"}],"author":[{"embeddable":true,"href":"https:\/\/wgn-neuching.de\/index.php\/wp-json\/wp\/v2\/users\/2"}],"replies":[{"embeddable":true,"href":"https:\/\/wgn-neuching.de\/index.php\/wp-json\/wp\/v2\/comments?post=6"}],"version-history":[{"count":26,"href":"https:\/\/wgn-neuching.de\/index.php\/wp-json\/wp\/v2\/pages\/6\/revisions"}],"predecessor-version":[{"id":319,"href":"https:\/\/wgn-neuching.de\/index.php\/wp-json\/wp\/v2\/pages\/6\/revisions\/319"}],"wp:featuredmedia":[{"embeddable":true,"href":"https:\/\/wgn-neuching.de\/index.php\/wp-json\/wp\/v2\/media\/38"}],"wp:attachment":[{"href":"https:\/\/wgn-neuching.de\/index.php\/wp-json\/wp\/v2\/media?parent=6"}],"curies":[{"name":"wp","href":"https:\/\/api.w.org\/{rel}","templated":true}]}}